it of 32449586?
2
What is the hundred millions digit of 357108204?
3
What is the billions digit of 3146166301?
3
What is the tens digit of 7937776853?
5
What is the hundred thousands digit of 805672272?
6
What is the hundreds digit of 1295633812?
8
What is the millions digit of 3029094096?
9
What is the units digit of 99363476?
6
What is the hundred millions digit of 325573083?
3
What is the thousands digit of 88348595?
8
What is the ten thousands digit of 71418763?
1
What is the thousands digit of 24043672?
3
What is the hundred thousands digit of 71716480?
7
What is the thousands digit of 935679690?
9
What is the hundred millions digit of 128042555?
1
What is the units digit of 37786673?
3
What is the ten thousands digit of 448149163?
4
What is the hundreds digit of 1406461059?
0
What is the ten millions digit of 17860559?
1
What is the units digit of 3544560657?
7
What is the tens digit of 15889306?
0
What is the hundred thousands digit of 150758735?
7
What is the millions digit of 138021065?
8
What is the billions digit of 1274565523?
1
What is the billions digit of 2562954350?
2
What is the ten thousands digit of 1131351441?
5
What is the tens digit of 330594031?
3
What is the hundred thousands digit of 82534933?
5
What is the thousands digit of 1301385963?
5
What is the hundred thousands digit of 57100845?
1
What is the thousands digit of 136462416?
2
What is the hundred thousands digit of 2454246066?
2
What is the units digit of 1354783900?
0
What is the millions digit of 288084479?
8
What is the hundred thousands digit of 19337638?
3
What is the thousands digit of 230682838?
2
What is the ten millions digit of 13218969?
1
What is the hundreds digit of 2803138778?
7
What is the thousands digit of 1130846998?
6
What is the ten thousands digit of 173910967?
1
What is the hundreds digit of 136536901?
9
What is the hundreds digit of 375187490?
4
What is the hundred thousands digit of 17942581?
9
What is the thousands digit of 639137996?
7
What is the hundreds digit of 727644950?
9
What is the hundred millions digit of 2211854256?
2
What is the hundreds digit of 49304654?
6
What is the units digit of 56545550?
0
What is the hundreds digit of 3711809?
8
What is the ten thousands digit of 176284240?
8
What is the hundreds digit of 88088731?
7
What is the tens digit of 126047200?
0
What is the hundreds digit of 230897256?
2
What is the millions digit of 69694529?
9
What is the units digit of 31272299?
9
What is the hundreds digit of 3529091770?
7
What is the hundred thousands digit of 2662986?
6
What is the millions digit of 1091365094?
1
What is the ten thousands digit of 169523349?
2
What is the ten millions digit of 452905962?
5
What is the ten millions digit of 260494393?
6
What is the units digit of 55227709?
9
What is the tens digit of 81231513?
1
What is the millions digit of 2812057633?
2
What is the hundred thousands digit of 262904516?
9
What is the hundreds digit of 223005774?
7
What is the thousands digit of 673660897?
0
What is the hundred millions digit of 432766313?
4
What is the thousands digit of 230184374?
4
What is the thousands digit of 61644360?
4
What is the units digit of 1715878267?
7
What is the billions digit of 2795692319?
2
What is the millions digit of 127610909?
7
What is the ten millions digit of 491604010?
9
What is the tens digit of 191299601?
0
What is the thousands digit of 176347711?
7
What is the hundred thousands digit of 3033469160?
4
What is the hundreds digit of 257755216?
2
What is the hundred thousands digit of 70406708?
4
What is the hundreds digit of 1605223453?
4
What is the billions digit of 3142264422?
3
What is the ten millions digit of 763879884?
6
What is the ten thousands digit of 129311529?
1
What is the tens digit of 95502493?
9
What is the thousands digit of 110661776?
1
What is the ten thousands digit of 62246425?
4
What is the tens digit of 50134196?
9
What is the units digit of 65922117?
7
What is the millions digit of 199948390?
9
What is the hundreds digit of 286598524?
5
What is the hundreds digit of 12140848?
8
What is the hundreds digit of 3628901867?
8
What is the hundreds digit of 107715304?
3
What is the ten thousands digit of 2651239698?
3
What is the hundred thousands digit of 2290221707?
2
What is the ten millions digit of 374002150?
7
What is the hundred millions digit of 215776621?
2
What is the billions digit of 1036852367?
1
What is the thousands digit of 540138602?
8
What is the hundred thousands digit of 153440532?
4
What is the units digit of 445647315?
5
What is the ten thousands digit of 1834694335?
9
What is the ten thousands digit of 152267?
5
What is the millions digit of 416358719?
6
What is the tens digit of 927129187?
8
What is the millions digit of 2047550127?
7
What is the hundred thousands digit of 38541641?
5
What is the hundred thousands digit of 354808420?
8
What is the hundreds digit of 49555572?
5
What is the units digit of 43672618?
8
What is the hundred millions digit of 774078306?
7
What is the units digit of 1988562035?
5
What is the thousands digit of 32096791?
6
What is the millions digit of 56194568?
6
What is the millions digit of 2197942952?
7
What is the millions digit of 119887281?
9
What is the tens digit of 474629772?
7
What is the ten millions digit of 23735248?
2
What is the tens digit of 446305464?
6
What is the ten thousands digit of 207880026?
8
What is the ten thousands digit of 364226259?
2
What is the millions digit of 12477720?
2
What is the hundred millions digit of 929913404?
9
What is the tens digit of 243244851?
5
What is the hundred millions digit of 668843909?
6
What is the ten thousands digit of 863445598?
4
What is the ten millions digit of 142249164?
4
What is the hundreds digit of 16123772?
7
What is the millions digit of 14920731?
4
What is the tens digit of 4576349?
4
What is the hundred thousands digit of 25093563?
0
What is the tens digit of 42923582?
8
What is the billions digit of 1563532309?
1
What is the hundred thousands digit of 7527599668?
5
What is the ten millions digit of 29917663?
2
What is the millions digit of 12993248?
2
What is the millions digit of 6051476592?
1
What is the units digit of 489215295?
5
What is the ten thousands digit of 545064?
4
What is the thousands digit of 242216403?
6
What is the hundred millions digit of 133880988?
1
What is the ten thousands digit of 1346611842?
1
What is the thousands digit of 1017158834?
8
What is the ten millions digit of 477981758?
7
What is the hundred thousands digit of 1275725599?
7
What is the units digit of 1630495?
5
What is the millions digit of 19952887?
9
What is the tens digit of 6871559984?
8
What is the tens digit of 31547579?
7
What is the units digit of 253557125?
5
What is the hundred thousands digit of 36550201?
5
What is the hundreds digit of 74983740?
7
What is the hundreds digit of 972670573?
5
What is the units digit of 1512325237?
7
What is the ten millions digit of 44609704?
4
What is the hundred thousands digit of 746226623?
2
What is the ten millions digit of 3442949052?
4
What is the thousands digit of 21069627?
9
What is the hundred millions digit of 136993775?
1
What is the millions digit of 111071194?
1
What is the ten millions digit of 172571537?
7
What is the hundred millions digit of 1382277154?
3
What is the millions digit of 2121923654?
1
What is the billions digit of 6750336890?
6
What is the tens digit of 1399646940?
4
What is the thousands digit of 3014024955?
4
What is the units digit of 380513785?
5
What is the ten thousands digit of 7010238?
1
What is the units digit of 655178579?
9
What is the units digit of 37320133?
3
What is the millions digit of 5608722290?
8
What is the hundreds digit of 36976904?
9
What is the millions digit of 258162694?
8
What is the tens digit of 2362013505?
0
What is the hundreds digit of 2132958674?
6
What is the units digit of 3705616072?
2
What is the tens digit of 4106154?
5
What is the hundred thousands digit of 438455743?
4
What is the ten thousands digit of 1380262258?
6
What is the hundreds digit of 3688285706?
7
What is the millions digit of 28268422?
8
What is the millions digit of 394165103?
4
What is the hundred thousands digit of 9687901?
6
What is the tens digit of 6266833711